{"id":16,"date":"2025-04-07T22:25:27","date_gmt":"2025-04-07T22:25:27","guid":{"rendered":"http:\/\/johanneskretz.bplaced.net\/WWW-BURT\/?page_id=16"},"modified":"2025-04-07T22:26:07","modified_gmt":"2025-04-07T22:26:07","slug":"biographie","status":"publish","type":"page","link":"https:\/\/johanneskretz.bplaced.net\/WWW-BURT\/?page_id=16","title":{"rendered":"Biographie"},"content":{"rendered":"\n<p class=\"has-text-align-center\">Geboren am 28. 4. 1926 in London, lebte seit 1956 in Wien, gestorben am 3.10.2012 in Hartberg&nbsp;<\/p>\n\n\n\n<div style=\"height:30px\" aria-hidden=\"true\" class=\"wp-block-spacer\"><\/div>\n\n\n<div class=\"wp-block-image\">\n<figure class=\"aligncenter size-full\"><img loading=\"lazy\" decoding=\"async\" width=\"544\" height=\"354\" src=\"http:\/\/johanneskretz.bplaced.net\/WWW-BURT\/wp-content\/uploads\/2025\/04\/smAction.jpeg\" alt=\"\" class=\"wp-image-18\" srcset=\"https:\/\/johanneskretz.bplaced.net\/WWW-BURT\/wp-content\/uploads\/2025\/04\/smAction.jpeg 544w, https:\/\/johanneskretz.bplaced.net\/WWW-BURT\/wp-content\/uploads\/2025\/04\/smAction-300x195.jpeg 300w\" sizes=\"auto, (max-width: 544px) 100vw, 544px\" \/><\/figure>\n<\/div>\n\n\n<div style=\"height:100px\" aria-hidden=\"true\" class=\"wp-block-spacer\"><\/div>\n\n\n\n<p><strong>Ausbildung<\/strong><br>1943 St. Edward&#8217;s School Oxford: Higher School Certificate (Physik, Chemie, Mathematik)<br>1944-1948 Armee, davon 1944-1945 University of Cambridge: sechsmonatiger Ingnieurkurs<br>1946\/1947 sechzehn Monate als Oberleutnant in Nigeria (Aba, Kaduna, Lagos)<br>1948-1951 Royal Academy of Music London: Komposition (Howard Ferguson)<br>1949-1951 jeweils Summer School of Music Bryanston bzw. Dartington<br>1951-1954 MHS Berlin: Komposition (Boris Blacher)<br>1953 Darmst\u00e4dter Ferienkurse<\/p>\n\n\n\n<p><strong>Berufliche T\u00e4tigkeiten<br><\/strong>ab 1973 MHS Wien: Professur f\u00fcr Komposition, Emeritierung 1992<br>organisierte 1987 als Vizepr\u00e4sident der IGNM (Sektion \u00d6sterreich) die erste &#8220;Lange Nacht der neuen Kl\u00e4nge&#8221; im Wiener Konzerthaus<br>1989-1991 MHS Wien: Leiter des Instituts f\u00fcr Elektroakustik<\/p>\n\n\n\n<p><strong>Auszeichnungen<\/strong><br>1954 Mendelssohn Scholarship (Royal Academy \/ Royal College of Music)<br>1956 Fellowship der Fondation Europ\u00e9enne de la Culture<br>1957 Associate der Royal Academy of Music<br>1973 F\u00f6rderungspreis der Theodor-K\u00f6rner-Stiftung<br>1978 W\u00fcrdigungspreis f\u00fcr Musik des Bundesministeriums f\u00fcr Unterricht und Kunst<br>1981 Preis der Stadt Wien f\u00fcr Musik<br>1992 Gro\u00dfes Silbernes Ehrenzeichen f\u00fcr Verdienste um die Republik \u00d6sterreich<br>1994 Ehrenmitgliedschaft der Gesellschaft f\u00fcr elektroakustische Musik (GEM)<\/p>\n\n\n\n<p><strong>Auff\u00fchrungen<\/strong><br>1953 Berlin, Darmst\u00e4dter Ferienkurse<br>1955 Baden-Baden, IGNM-Fest<br>1956 und 1960 Cheltenham Festival<br>1960 W\u00fcrttembergische Staatsoper Stuttgart<br>1961,1964&nbsp; und 1965 Festival Hall London<br>1964 Genf, Lausanne<br>1965 Landestheater Hannover<br>1966, 1969 und 1983 Vereinigte B\u00fchnen Graz<br>1968 Theater an der Wien<br>1969 St. Louis\/USA<br>1972 Santiago de Chile<br>1972-1978 National Opera Belgrad<br>1976 Wiener Festwochen<br>1979 Seoul<br>1982 Staatsoper Wien<br>1984 Salzburger Festspiele<br>1986 Madrid<br>1991 Festival de Paris, Contemporary Music Festival Huddersfield<br>1994 Barbican Centre London<br>1995 Wien modern<br>1997 Kattowitz&nbsp;<br>1998 Linzer Francis Burt Tage (<a href=\"http:\/\/www.brucknerhaus.linz.at\/\" target=\"_blank\" rel=\"noreferrer noopener\">Brucknherhaus Linz&nbsp;<\/a>)<br>u.v.a.<\/p>\n\n\n\n<p><strong>Auftr\u00e4ge<\/strong><br>BBC, Staatstheater Kassel, Manfred von Mautner Markhof, Wiener Symphoniker, Ensemble 20. Jahrhundert, Maximilian Melcher,<br>Gesellschaft der Musikfreunde Wien<\/p>\n","protected":false},"excerpt":{"rendered":"<p>Geboren am 28. 4. 1926 in London, lebte seit 1956 in Wien, gestorben am 3.10.2012 in Hartberg&nbsp; Ausbildung1943 St. Edward&#8217;s School Oxford: Higher School Certificate (Physik, Chemie, Mathematik)1944-1948 Armee, davon 1944-1945 University of Cambridge: sechsmonatiger Ingnieurkurs1946\/1947 sechzehn Monate als Oberleutnant in Nigeria (Aba, Kaduna, Lagos)1948-1951 Royal Academy of Music London: Komposition (Howard Ferguson)1949-1951 jeweils Summer&hellip;<\/p>\n","protected":false},"author":1,"featured_media":0,"parent":0,"menu_order":0,"comment_status":"closed","ping_status":"closed","template":"","meta":{"footnotes":""},"class_list":["post-16","page","type-page","status-publish","hentry","post"],"_links":{"self":[{"href":"https:\/\/johanneskretz.bplaced.net\/WWW-BURT\/index.php?rest_route=\/wp\/v2\/pages\/16","targetHints":{"allow":["GET"]}}],"collection":[{"href":"https:\/\/johanneskretz.bplaced.net\/WWW-BURT\/index.php?rest_route=\/wp\/v2\/pages"}],"about":[{"href":"https:\/\/johanneskretz.bplaced.net\/WWW-BURT\/index.php?rest_route=\/wp\/v2\/types\/page"}],"author":[{"embeddable":true,"href":"https:\/\/johanneskretz.bplaced.net\/WWW-BURT\/index.php?rest_route=\/wp\/v2\/users\/1"}],"replies":[{"embeddable":true,"href":"https:\/\/johanneskretz.bplaced.net\/WWW-BURT\/index.php?rest_route=%2Fwp%2Fv2%2Fcomments&post=16"}],"version-history":[{"count":2,"href":"https:\/\/johanneskretz.bplaced.net\/WWW-BURT\/index.php?rest_route=\/wp\/v2\/pages\/16\/revisions"}],"predecessor-version":[{"id":20,"href":"https:\/\/johanneskretz.bplaced.net\/WWW-BURT\/index.php?rest_route=\/wp\/v2\/pages\/16\/revisions\/20"}],"wp:attachment":[{"href":"https:\/\/johanneskretz.bplaced.net\/WWW-BURT\/index.php?rest_route=%2Fwp%2Fv2%2Fmedia&parent=16"}],"curies":[{"name":"wp","href":"https:\/\/api.w.org\/{rel}","templated":true}]}}